{"id":282,"date":"2024-11-27T05:12:28","date_gmt":"2024-11-27T11:12:28","guid":{"rendered":"https:\/\/hitanna.com\/?page_id=282"},"modified":"2024-11-27T06:01:08","modified_gmt":"2024-11-27T12:01:08","slug":"la-banda","status":"publish","type":"page","link":"https:\/\/hitanna.com\/index.php\/la-banda\/","title":{"rendered":"La Banda"},"content":{"rendered":"\n<div class=\"wp-block-cover alignfull has-accent-1-color has-text-color has-link-color wp-elements-a41933a60c2913bbcdf23c2d808d6d46\" style=\"margin-top:-20px;margin-bottom:0;padding-top:45px;padding-right:var(--wp--preset--spacing--20);padding-bottom:45px;padding-left:var(--wp--preset--spacing--20);min-height:100vh;aspect-ratio:unset;\"><span aria-hidden=\"true\" class=\"wp-block-cover__background has-custom-color-1-background-color has-background-dim-60 has-background-dim\"><\/span><img loading=\"lazy\" decoding=\"async\" width=\"1920\" height=\"1280\" class=\"wp-block-cover__image-background wp-image-94\" alt=\"\" src=\"https:\/\/hitanna.com\/wp-content\/uploads\/2024\/11\/flavio-vallone-F6SkDRIqG6o-unsplash.jpg\" data-object-fit=\"cover\" srcset=\"https:\/\/hitanna.com\/wp-content\/uploads\/2024\/11\/flavio-vallone-F6SkDRIqG6o-unsplash.jpg 1920w, https:\/\/hitanna.com\/wp-content\/uploads\/2024\/11\/flavio-vallone-F6SkDRIqG6o-unsplash-300x200.jpg 300w, https:\/\/hitanna.com\/wp-content\/uploads\/2024\/11\/flavio-vallone-F6SkDRIqG6o-unsplash-1024x683.jpg 1024w, https:\/\/hitanna.com\/wp-content\/uploads\/2024\/11\/flavio-vallone-F6SkDRIqG6o-unsplash-768x512.jpg 768w, https:\/\/hitanna.com\/wp-content\/uploads\/2024\/11\/flavio-vallone-F6SkDRIqG6o-unsplash-1536x1024.jpg 1536w\" sizes=\"auto, (max-width: 1920px) 100vw, 1920px\" \/><div class=\"wp-block-cover__inner-container has-global-padding is-layout-constrained wp-container-core-cover-is-layout-6b2bb546 wp-block-cover-is-layout-constrained\">\n<div class=\"wp-block-group is-vertical is-content-justification-left is-nowrap is-layout-flex wp-container-core-group-is-layout-6d6817a9 wp-block-group-is-layout-flex\" style=\"margin-top:0;margin-bottom:0;padding-top:0;padding-right:0;padding-bottom:0;padding-left:0\">\n<h1 class=\"wp-block-heading has-text-align-left is-style-default has-custom-color-3-color has-text-color has-link-color wp-elements-ae7393d008f5bc2bf568eb6500cab3c8\" style=\"font-size:clamp(1.743em, 1.743rem + ((1vw - 0.2em) * 1.972), 3em);\">La Banda<\/h1>\n\n\n\n<figure class=\"wp-block-image size-full is-resized has-custom-border\"><img loading=\"lazy\" decoding=\"async\" width=\"732\" height=\"330\" src=\"https:\/\/hitanna.com\/wp-content\/uploads\/2024\/11\/La-Banda.webp\" alt=\"\" class=\"has-border-color has-custom-color-1-border-color wp-image-16\" style=\"border-width:4px;border-radius:18px;width:1200px\" srcset=\"https:\/\/hitanna.com\/wp-content\/uploads\/2024\/11\/La-Banda.webp 732w, https:\/\/hitanna.com\/wp-content\/uploads\/2024\/11\/La-Banda-300x135.webp 300w\" sizes=\"auto, (max-width: 732px) 100vw, 732px\" \/><\/figure>\n\n\n\n<p class=\"has-text-align-left has-custom-color-3-color has-text-color has-link-color has-large-font-size wp-elements-3d5a2b91724f7f767a60919d7351ea79\">Hitanna surge de la mente creativa de C\u00e9sar Santillana a mediados de 2005 en Monterrey, Nuevo Le\u00f3n, M\u00e9xico. Con poca experiencia y una disciplina incipiente, C\u00e9sar comenz\u00f3 a buscar a los integrantes para dar vida a su nueva banda.<br><\/p>\n\n\n\n<p class=\"has-text-align-left has-custom-color-3-color has-text-color has-link-color has-large-font-size wp-elements-f049bef2f616fa5daee4ca68e307c02e\">El primero en unirse a esta visi\u00f3n fue Jabo Torres, un antiguo compa\u00f1ero de secundaria, en 2006. Ambos hab\u00edan tocado juntos en un grupo de m\u00fasica regional meses atr\u00e1s, pero esta vez el objetivo era diferente: quer\u00edan explorar el mundo del rock. Aunque a\u00fan estaban lejos de conformar la banda que so\u00f1aban, no dejaron de buscar a los dem\u00e1s integrantes.<br><\/p>\n\n\n\n<p class=\"has-text-align-left has-custom-color-3-color has-text-color has-link-color has-large-font-size wp-elements-545ca186b7692ab5a613015963dbd2a0\">En 2007, \u00c1lvaro Santillana, hermano de C\u00e9sar, se sum\u00f3 al proyecto. En ese entonces, \u00c1lvaro no sab\u00eda tocar la guitarra ni cantar, pero con la gu\u00eda de C\u00e9sar, comenz\u00f3 a aprender r\u00e1pidamente. En pocos meses, desarroll\u00f3 la habilidad de sacar canciones de o\u00eddo sin necesidad de ayuda. Su progreso fue sorprendente, y pronto se nivel\u00f3 con el resto del grupo.<\/p>\n\n\n\n<p class=\"has-text-align-left has-custom-color-3-color has-text-color has-link-color has-large-font-size wp-elements-dee9cac24be6acb1216628a209491f8f\"><br>El tr\u00edo se convirti\u00f3 en cuarteto a principios de 2010 con la llegada de Iv\u00e1n Garc\u00eda. C\u00e9sar, quien trabajaba junto a Iv\u00e1n como pianista en un canta-bar, lo invit\u00f3 a unirse al proyecto el mismo d\u00eda en que renunci\u00f3 al trabajo. \u201cTen\u00eda que tenerlo en mi grupo\u201d, record\u00f3 C\u00e9sar.<br><\/p>\n\n\n\n<p class=\"has-text-align-left has-custom-color-3-color has-text-color has-link-color has-large-font-size wp-elements-5be8bc035412a77666dcc85212f0be16\">Sin embargo, encontrar a un baterista para completar la banda result\u00f3 ser un desaf\u00edo constante. Tras numerosos intentos fallidos, C\u00e9sar decidi\u00f3 tomar el lugar en la bater\u00eda, dejando temporalmente la guitarra. Esto gener\u00f3 inter\u00e9s en el p\u00fablico, ya que no era com\u00fan ver a un baterista que tambi\u00e9n cantara. Aun as\u00ed, el grupo sab\u00eda que necesitaban m\u00e1s para consolidarse.<\/p>\n\n\n\n<p class=\"has-text-align-left has-custom-color-3-color has-text-color has-link-color has-large-font-size wp-elements-403918916f627f1a79265599af915e14\">Con esta meta en mente, grabaron un video de convocatoria buscando un baterista y lo publicaron en YouTube.<br><br>Despu\u00e9s de varias audiciones, encontraron al candidato perfecto: Jonathan S\u00e1nchez. Con \u00e9l, el c\u00edrculo se cerr\u00f3.<\/p>\n\n\n\n<p class=\"has-text-align-left has-custom-color-3-color has-text-color has-link-color has-large-font-size wp-elements-9d977c98598a59a408cf0e55f38595bc\">Tiempo despu\u00e9s, tras algunos a\u00f1os, Jabo Torres, el bajista original, decidi\u00f3 abandonar la banda. Ante esta situaci\u00f3n, C\u00e9sar e Iv\u00e1n tomaron el desaf\u00edo de intercalar el instrumento del bajo. C\u00e9sar asum\u00eda el bajo el\u00e9ctrico en algunas canciones, mientras que Iv\u00e1n cubri\u00f3 el bajo desde el teclado en la otra mitad de las canciones.<br><br>Cuando C\u00e9sar no se encuentra ejecutando el bajo, est\u00e1 usando su guitarra, e Iv\u00e1n har\u00eda no \u00fanicamente el bajo desde su teclado, sino que incluir\u00eda m\u00e1s acompa\u00f1amientos y melod\u00edas. Este nuevo arreglo permiti\u00f3 a la banda mantener su esencia y seguir adelante a pesar del cambio.<br><br>Pero esta historia es solo el comienzo y se sigue escribiendo&#8230;<\/p>\n\n\n\n<figure class=\"wp-block-image size-full is-resized\"><img loading=\"lazy\" decoding=\"async\" width=\"1000\" height=\"1000\" src=\"https:\/\/hitanna.com\/wp-content\/uploads\/2024\/11\/HitannaHistoryLogos.png\" alt=\"\" class=\"wp-image-17\" style=\"width:1200px\" srcset=\"https:\/\/hitanna.com\/wp-content\/uploads\/2024\/11\/HitannaHistoryLogos.png 1000w, https:\/\/hitanna.com\/wp-content\/uploads\/2024\/11\/HitannaHistoryLogos-300x300.png 300w, https:\/\/hitanna.com\/wp-content\/uploads\/2024\/11\/HitannaHistoryLogos-150x150.png 150w, https:\/\/hitanna.com\/wp-content\/uploads\/2024\/11\/HitannaHistoryLogos-768x768.png 768w\" sizes=\"auto, (max-width: 1000px) 100vw, 1000px\" \/><\/figure>\n<\/div>\n<\/div><\/div>\n","protected":false},"excerpt":{"rendered":"","protected":false},"author":1,"featured_media":0,"parent":0,"menu_order":0,"comment_status":"closed","ping_status":"closed","template":"","meta":{"_EventAllDay":false,"_EventTimezone":"","_EventStartDate":"","_EventEndDate":"","_EventStartDateUTC":"","_EventEndDateUTC":"","_EventShowMap":false,"_EventShowMapLink":false,"_EventURL":"","_EventCost":"","_EventCostDescription":"","_EventCurrencySymbol":"","_EventCurrencyCode":"","_EventCurrencyPosition":"","_EventDateTimeSeparator":"","_EventTimeRangeSeparator":"","_EventOrganizerID":[],"_EventVenueID":[],"_OrganizerEmail":"","_OrganizerPhone":"","_OrganizerWebsite":"","_VenueAddress":"","_VenueCity":"","_VenueCountry":"","_VenueProvince":"","_VenueState":"","_VenueZip":"","_VenuePhone":"","_VenueURL":"","_VenueStateProvince":"","_VenueLat":"","_VenueLng":"","_VenueShowMap":false,"_VenueShowMapLink":false,"footnotes":""},"class_list":["post-282","page","type-page","status-publish","hentry"],"_links":{"self":[{"href":"https:\/\/hitanna.com\/index.php\/wp-json\/wp\/v2\/pages\/282","targetHints":{"allow":["GET"]}}],"collection":[{"href":"https:\/\/hitanna.com\/index.php\/wp-json\/wp\/v2\/pages"}],"about":[{"href":"https:\/\/hitanna.com\/index.php\/wp-json\/wp\/v2\/types\/page"}],"author":[{"embeddable":true,"href":"https:\/\/hitanna.com\/index.php\/wp-json\/wp\/v2\/users\/1"}],"replies":[{"embeddable":true,"href":"https:\/\/hitanna.com\/index.php\/wp-json\/wp\/v2\/comments?post=282"}],"version-history":[{"count":17,"href":"https:\/\/hitanna.com\/index.php\/wp-json\/wp\/v2\/pages\/282\/revisions"}],"predecessor-version":[{"id":341,"href":"https:\/\/hitanna.com\/index.php\/wp-json\/wp\/v2\/pages\/282\/revisions\/341"}],"wp:attachment":[{"href":"https:\/\/hitanna.com\/index.php\/wp-json\/wp\/v2\/media?parent=282"}],"curies":[{"name":"wp","href":"https:\/\/api.w.org\/{rel}","templated":true}]}}

<div class="wp-block-cover alignfull has-accent-1-color has-text-color has-link-color wp-elements-a41933a60c2913bbcdf23c2d808d6d46" style="margin-top:-20px;margin-bottom:0;padding-top:45px;padding-right:var(--wp--preset--spacing--20);padding-bottom:45px;padding-left:var(--wp--preset--spacing--20);min-height:100vh;aspect-ratio:unset;"><span aria-hidden="true" class="wp-block-cover__background has-custom-color-1-background-color has-background-dim-60 has-background-dim"></span><img loading="lazy" decoding="async" width="1920" height="1280" class="wp-block-cover__image-background wp-image-94" alt="" src="https://hitanna.com/wp-content/uploads/2024/11/flavio-vallone-F6SkDRIqG6o-unsplash.jpg" data-object-fit="cover" srcset="https://hitanna.com/wp-content/uploads/2024/11/flavio-vallone-F6SkDRIqG6o-unsplash.jpg 1920w, https://hitanna.com/wp-content/uploads/2024/11/flavio-vallone-F6SkDRIqG6o-unsplash-300x200.jpg 300w, https://hitanna.com/wp-content/uploads/2024/11/flavio-vallone-F6SkDRIqG6o-unsplash-1024x683.jpg 1024w, https://hitanna.com/wp-content/uploads/2024/11/flavio-vallone-F6SkDRIqG6o-unsplash-768x512.jpg 768w, https://hitanna.com/wp-content/uploads/2024/11/flavio-vallone-F6SkDRIqG6o-unsplash-1536x1024.jpg 1536w" sizes="auto, (max-width: 1920px) 100vw, 1920px" /><div class="wp-block-cover__inner-container has-global-padding is-layout-constrained wp-container-core-cover-is-layout-6b2bb546 wp-block-cover-is-layout-constrained">
<div class="wp-block-group is-vertical is-content-justification-left is-nowrap is-layout-flex wp-container-core-group-is-layout-6d6817a9 wp-block-group-is-layout-flex" style="margin-top:0;margin-bottom:0;padding-top:0;padding-right:0;padding-bottom:0;padding-left:0">
<h1 class="wp-block-heading has-text-align-left is-style-default has-custom-color-3-color has-text-color has-link-color wp-elements-ae7393d008f5bc2bf568eb6500cab3c8" style="font-size:clamp(1.743em, 1.743rem + ((1vw - 0.2em) * 1.972), 3em);">La Banda</h1>



<figure class="wp-block-image size-full is-resized has-custom-border"><img loading="lazy" decoding="async" width="732" height="330" src="https://hitanna.com/wp-content/uploads/2024/11/La-Banda.webp" alt="" class="has-border-color has-custom-color-1-border-color wp-image-16" style="border-width:4px;border-radius:18px;width:1200px" srcset="https://hitanna.com/wp-content/uploads/2024/11/La-Banda.webp 732w, https://hitanna.com/wp-content/uploads/2024/11/La-Banda-300x135.webp 300w" sizes="auto, (max-width: 732px) 100vw, 732px" /></figure>



<p class="has-text-align-left has-custom-color-3-color has-text-color has-link-color has-large-font-size wp-elements-3d5a2b91724f7f767a60919d7351ea79">Hitanna surge de la mente creativa de César Santillana a mediados de 2005 en Monterrey, Nuevo León, México. Con poca experiencia y una disciplina incipiente, César comenzó a buscar a los integrantes para dar vida a su nueva banda.<br></p>



<p class="has-text-align-left has-custom-color-3-color has-text-color has-link-color has-large-font-size wp-elements-f049bef2f616fa5daee4ca68e307c02e">El primero en unirse a esta visión fue Jabo Torres, un antiguo compañero de secundaria, en 2006. Ambos habían tocado juntos en un grupo de música regional meses atrás, pero esta vez el objetivo era diferente: querían explorar el mundo del rock. Aunque aún estaban lejos de conformar la banda que soñaban, no dejaron de buscar a los demás integrantes.<br></p>



<p class="has-text-align-left has-custom-color-3-color has-text-color has-link-color has-large-font-size wp-elements-545ca186b7692ab5a613015963dbd2a0">En 2007, Álvaro Santillana, hermano de César, se sumó al proyecto. En ese entonces, Álvaro no sabía tocar la guitarra ni cantar, pero con la guía de César, comenzó a aprender rápidamente. En pocos meses, desarrolló la habilidad de sacar canciones de oído sin necesidad de ayuda. Su progreso fue sorprendente, y pronto se niveló con el resto del grupo.</p>



<p class="has-text-align-left has-custom-color-3-color has-text-color has-link-color has-large-font-size wp-elements-dee9cac24be6acb1216628a209491f8f"><br>El trío se convirtió en cuarteto a principios de 2010 con la llegada de Iván García. César, quien trabajaba junto a Iván como pianista en un canta-bar, lo invitó a unirse al proyecto el mismo día en que renunció al trabajo. “Tenía que tenerlo en mi grupo”, recordó César.<br></p>



<p class="has-text-align-left has-custom-color-3-color has-text-color has-link-color has-large-font-size wp-elements-5be8bc035412a77666dcc85212f0be16">Sin embargo, encontrar a un baterista para completar la banda resultó ser un desafío constante. Tras numerosos intentos fallidos, César decidió tomar el lugar en la batería, dejando temporalmente la guitarra. Esto generó interés en el público, ya que no era común ver a un baterista que también cantara. Aun así, el grupo sabía que necesitaban más para consolidarse.</p>



<p class="has-text-align-left has-custom-color-3-color has-text-color has-link-color has-large-font-size wp-elements-403918916f627f1a79265599af915e14">Con esta meta en mente, grabaron un video de convocatoria buscando un baterista y lo publicaron en YouTube.<br><br>Después de varias audiciones, encontraron al candidato perfecto: Jonathan Sánchez. Con él, el círculo se cerró.</p>



<p class="has-text-align-left has-custom-color-3-color has-text-color has-link-color has-large-font-size wp-elements-9d977c98598a59a408cf0e55f38595bc">Tiempo después, tras algunos años, Jabo Torres, el bajista original, decidió abandonar la banda. Ante esta situación, César e Iván tomaron el desafío de intercalar el instrumento del bajo. César asumía el bajo eléctrico en algunas canciones, mientras que Iván cubrió el bajo desde el teclado en la otra mitad de las canciones.<br><br>Cuando César no se encuentra ejecutando el bajo, está usando su guitarra, e Iván haría no únicamente el bajo desde su teclado, sino que incluiría más acompañamientos y melodías. Este nuevo arreglo permitió a la banda mantener su esencia y seguir adelante a pesar del cambio.<br><br>Pero esta historia es solo el comienzo y se sigue escribiendo&#8230;</p>



<figure class="wp-block-image size-full is-resized"><img loading="lazy" decoding="async" width="1000" height="1000" src="https://hitanna.com/wp-content/uploads/2024/11/HitannaHistoryLogos.png" alt="" class="wp-image-17" style="width:1200px" srcset="https://hitanna.com/wp-content/uploads/2024/11/HitannaHistoryLogos.png 1000w, https://hitanna.com/wp-content/uploads/2024/11/HitannaHistoryLogos-300x300.png 300w, https://hitanna.com/wp-content/uploads/2024/11/HitannaHistoryLogos-150x150.png 150w, https://hitanna.com/wp-content/uploads/2024/11/HitannaHistoryLogos-768x768.png 768w" sizes="auto, (max-width: 1000px) 100vw, 1000px" /></figure>
</div>
</div></div>
